) = q**2 - q + 1 - 3*q**2 - 6*q**2. What is b(u)?
-8
Let r(z) be the second derivative of z + 1/20*z**5 + 3*z**2 + 5/12*z**4 + z**3 + 0. Let s = 47 - 51. Give r(s).
-2
Let m(i) = i**3 - 5*i**2 - 3*i - 9. Let a be m(6). Let n = a + -9. Let j(z) = z**3 + z - 2. Determine j(n).
-2
Let r = -4 - -5. Let l be (r - -1) + (-2 - -5). Let p(j) = -j**2 + 5*j - 3. What is p(l)?
-3
Let d(m) = m**2 - m + 1. Let u be d(3). Let o be (-2)/u - (-46)/14. Let q(s) = -s - 2. Calculate q(o).
-5
Suppose w - 4 = -2. Let p(j) be the second derivative of -j**4/6 + j**3/6 + j**2/2 + 2*j + 19. Calculate p(w).
-5
Suppose 0 = 3*d + 5*u - 24, -4*u + 6 = -3*d + u. Suppose 5*i = -4*m - 3, -2*m - i = 2*i + d. Let g(t) = t**2 + t**3 - 2*t - 2 - m*t + 0*t. Calculate g(-3).
-5
Let o(i) = 4*i**3 - 4*i**2 - i - 7. Let x(l) = 3*l**3 - 3*l**2 - l - 6. Let g(d) = -2*o(d) + 3*x(d). Calculate g(0).
-4
Let f(a) = -a**3 + a**2 + 3. Let g(w) = w + 3. Let y be g(-3). Suppose 0*m + 4*m = y. Determine f(m).
3
Let f(i) = 8*i - 7*i + 9*i**2 + 2*i**2. What is f(1)?
12
Let c(u) = -u**2 - 6*u + 3. Suppose -3*b + l + 12 = 0, 0*b = 4*b - 2*l - 18. Suppose b*t - t + 16 = 0. Let n = t - -3. Give c(n).
8
Let b(c) = 4*c**2 - 2*c + 1. Let j be b(1). Let m(f) = 9*f + 7. Let r(w) = 5*w + 4. Let l(u) = -4*m(u) + 7*r(u). Determine l(j).
-3
Let x(t) be the second derivative of t**4/12 - 4*t**3/3 + 3*t**2 - 6*t. Determine x(6).
-6
Suppose 0*z = -2*z + 2. Let t(r) = r**3 + 11*r**2 + r + 14. Let o be t(-11). Let l(q) = q**o + 2*q**2 - 1 - q + 1 - q**2. Give l(z).
1
Let i(c) = -3*c**3 + 3*c**2 + c + 2*c**2 - 5 + 2*c**3. Let n be 11/2 + 1/(-2). What is i(n)?
0
Let p(r) = -6*r**2. Suppose 4*l - 6 = -2. Determine p(l).
-6
Let w(m) be the third derivative of -m**4/24 + 4*m**3/3 - 22*m**2. Determine w(0).
8
Suppose 0 = -3*a - 3*u - u - 10, 3*u = -3*a - 6. Let j = 10 + -1. Let i(q) = 24*q - 12. Let h(y) = -6*y + 3. Let f(t) = j*h(t) + 2*i(t). Determine f(a).
-9
Suppose 5*u - 15 = 0, 4*u = -w + 2*w + 10. Let z(p) = -p**2 + 3*p - 3. What is z(w)?
-1
Let f(i) = 4*i - 4*i - 3*i + 4*i + 13. Calculate f(-9).
4
Let h(j) = -j**3 - 8*j**2 - 8*j. Let v be h(-7). Let g(r) = 10 - 5*r - 2 + v*r. Determine g(-6).
-4
Let w(r) = -6*r**2 - r - 2. Let f(a) = 7*a**2 + 2*a + 2. Let u(z) = 5*f(z) + 6*w(z). Let d be (-4)/((-1)/((-3)/(-3))). Give u(d).
-2
Let g(u) = 2*u**2 + 0 + 3 - 5*u + 8*u. Let r be 1*27/(-6)*-2. Suppose -1 = -4*b - r. Give g(b).
5
Let k(a) = -a**2 + 2*a**3 + 3 - 2*a - 2 - a**2 - 2. What is k(-1)?
-3
Suppose 2*i - 6 = -2*q, -4*q + q = -5*i + 23. Suppose -7*o + 15 = -2*o + 4*z, 0 = -i*o - 2*z + 18. Let j(n) = -n**2 + 6*n. Determine j(o).
-7
Let m(n) = 1 - 3*n + 6 + 2*n. Give m(5).
2
Let l(j) = 5*j**2 + 2*j - 4. Let g(a) = 4*a**2 + 2*a - 3. Let p(z) = -4*g(z) + 3*l(z). What is p(-1)?
1
Let p be (4/3)/(38/57). Let j(h) = 20*h - p - 19*h + 9 + 0. Let s(i) = -i**2 + i - 6. Let r be s(0). Give j(r).
1
Let u(s) = -5*s**2 - 11*s - 9. Let c(z) = 6*z**2 + 12*z + 10. Let r(o) = 4*c(o) + 5*u(o). Let x be (-6)/(-15) + 46/10. Let w = x + -9. Give r(w).
7
Let n(q) be the second derivative of 5*q + 1/3*q**3 + 0 - 2*q**2. What is n(5)?
6
Let d(k) = 2*k + 1. Let u(f) = -4 - 1 - 3*f + 6 - 3. Let s(v) = 7*d(v) + 5*u(v). Determine s(0).
-3
Let x(m) = -m - 10. Let v be (-2 - 3)/(-4 + 5). Give x(v).
-5
Let h(u) = -u**3 - 4*u**2 + 2. Suppose -s + 4*l + 5 = -0*s, -4*s = 2*l + 16. Determine h(s).
-7
Let w(f) = 1 + 2 + f**3 - 2*f + 4*f**2 - 2. Let t be 0/((4 - 2)*1). Let k = -4 - t. What is w(k)?
9
Let u(v) = -v**3 - 6*v + 3*v**2 - v**2 + 5*v**2. Let k be u(6). Let d(a) = 13*a - 10. Let y(f) = -7*f + 5. Let x(t) = -6*d(t) - 11*y(t). Calculate x(k).
5
Let u(b) = b**2 - 3*b + 2. Let k(l) = -3*l**2 + 7*l - 3. Let d(j) = -2*k(j) - 5*u(j). Let v(s) = s. Let m be v(-4). Calculate d(m).
8
Let c(u) = u + u - 3*u. What is c(4)?
-4
Suppose z + 4*z + 3*n - 18 = 0, 4*z - 3*n = 36. Let l(p) = 2*p**2 - 8*p - 1. Determine l(z).
23
Let d(q) = 10*q**2 + q - 4. Let a(y) = 3*y**2 - 1. Let k(l) = -7*a(l) + 2*d(l). Calculate k(2).
-1
Let k = 13 + -21. Let n = k - -2. Let t(z) = -z**3 - 5*z**2 + 7*z + 4. What is t(n)?
-2
Suppose 5*b = -0*b. Let j(x) = -8 + b*x + 3*x - 5*x + x. Determine j(-6).
-2
Let w(n) = -2*n - 5. Let r(z) = -5*z - 5*z - 5 + 3*z + z**3 + 6*z**2. Let b be r(-7). What is w(b)?
5
Let g(z) = -z**3 - z**2 - 4*z - 2. Let y(v) = -5*v**3 - 4*v**2 - 17*v - 9. Let w(j) = 9*g(j) - 2*y(j). Give w(2).
0
Let z be 3*(-3 + 4)*1. Let l(p) be the first derivative of 7/3*p**z - 1/4*p**4 + 7*p - 4*p**2 + 2. Determine l(6).
-5
Suppose 0 = -f + s - 1 - 1, -7 = 2*f - 5*s. Let j(b) = 4 - 3*b**2 - 5 + 9*b**2. Give j(f).
5
Let s(p) = -p + 1. Let g(z) = -z + 1. Let d(y) = 3*y - 3. Let x(h) = 2*d(h) + 7*g(h). Let a(m) = -4*s(m) + 3*x(m). Determine a(-1).
-2
Suppose 4*d - 5*d - 5 = 0, 0 = 5*u + 3*d - 10. Let b(a) be the second derivative of a**3/6 + a. Give b(u).
5
Let p(g) = -g**3 + 2*g**2 + 5*g - 2. Let t be p(3). Suppose -b - 11 = -3*h, 23 = -t*b - b - h. Let d(w) = w + 3. Give d(b).
-2
Let p be (-2)/4 - 7/2. Let u(s) be the third derivative of 0 - 2*s**2 + 0*s - 1/6*s**3 - 1/12*s**4. Calculate u(p).
7
Let k(u) be the first derivative of -u**4/4 - 8*u**3/3 - 7*u**2/2 + u + 17. Determine k(-7).
1
Let n(b) be the third derivative of b**5/60 - b**4/4 + b**3 - b**2. Let q = -8 + 18. Let d = -5 + q. Calculate n(d).
1
Let t(p) be the second derivative of 0 + 0*p**2 - 1/6*p**3 - 5*p. Calculate t(6).
-6
Let l be (-1)/2 + 11/22. Suppose -v = -l + 2. Let u(r) = r**3 + r**2 + r + 1. Determine u(v).
-5
Let n(r) = 3*r - 3. Let b be (4 - 2)/((-1)/(-2)). Suppose b*c + 0 = 8. Give n(c).
3
Let d(h) = -2*h + 5. Let f(k) = 2*k - 2. Let r(j) = 2*d(j) + 4*f(j). Suppose 2*l + 2 = -4. What is r(l)?
-10
Let a(j) = -2*j + 9. Let y be a(8). Let s(v) = -v**2 - 3*v - 8. Let h(c) = 4*c**2 + 10*c + 23. Let p(q) = y*s(q) - 2*h(q). Calculate p(0).
10
Let o(t) = 15*t**3 + 2 + 6*t + 15*t**3 - 44*t**3 + 15*t**3 - 8*t**2. Determine o(7).
-5
Let f be (0 + 2)/(12/30). Suppose 3 = f*k - 7. Suppose 4*c = k*w - 18, 25 = 3*w - 8*w - 4*c. Let l(i) = 9*i**3 - i**2 - 2*i - 1. Calculate l(w).
-9
Suppose -v - i + 17 = 3*v, 5*v - 37 = 4*i. Suppose 4*q + 0*q = 2*z - 30, 2*q + 35 = v*z. Let n(j) = -j**3 - 6*j**2 - 7*j - 4. Determine n(q).
6
Let b(t) = -11*t**3 - 5*t**2 + 6*t - 6. Let q(m) = 5*m**3 + 2*m**2 - 3*m + 3. Let x(d) = -6*b(d) - 13*q(d). Determine x(-3).
-3
Let u(b) = b**3 + 6*b**2 + 5*b - 3. Let j(o) = 4*o - 3. Let i be j(3). Suppose 16*x = 15*x + 4. Let z = x - i. Give u(z).
-3
Suppose 0 = -0*d + 2*d - 6. Let q be (1 - 0) + (-21)/d. Let h(r) = -r - 6. Determine h(q).
0
Let d(o) = o**3 - 4*o**2 + 4*o - 2. Suppose 2*z - 28 = -4*x, -24 = -z - 0*z - 4*x. Let h = 6 - z. What is d(h)?
-2
Let g(s) = 5*s**2 + 7. Let o(c) = 11*c**2 - c + 15. Let k(h) = 13*g(h) - 6*o(h). Let m be (4/5)/(1/5). Calculate k(m).
9
Let z(o) = -51*o**2 + 9*o + 3. Let d(h) = 25*h**2 - 4*h - 1. Let p(r) = 5*d(r) + 2*z(r). What is p(1)?
22
Suppose 0 = 4*x - u - 15, 15 = 5*x + u - 6. Suppose 5*j + x*r = 2 + 10, -5*r + 15 = -2*j. Let c(d) = -1 - 3*d + 0*d + j*d. Calculate c(-2).
5
Let m(i) = 4*i**3 + 1 + 2*i**2 - 3*i**3 - 1 + i. Give m(-1).
0
Suppose 0 = -11*z + 15*z - 8. Let x(w) = -4*w**2 + 2*w + 1. Determine x(z).
-11
Let d be (-50)/(-15)*6/(-4). Let p(w) = w**2 + 6*w - 1. Determine p(d).
-6
Let y(x) = 2*x**2 - 3*x. Let c = 24 - 21. What is y(c)?
9
Suppose -5*c - 4*g - 12 = 0, 5*c = 2*g - g + 3. Let l(o) = o**2 + c*o + 3 - 6 - 3*o. Determine l(3).
-3
Let h(i) = i**3 + 9*i**2 + 7*i - 9. Suppose 0*g - g - 35 = 5*z, -1 = 2*z + 3*g. Give h(z).
-1
Let p(i) = -i + 2 - 2 - 7 - 2. Let c(q) = 1. Let g(k) = 5*c(k) + p(k). Determine g(-3).
-1
Let l(a) be the third derivative of -3*a**4/8 - a**3/6 + 5*a**2. Determine l(1).
-10
Let q = 8 + -4. Let m(v) be the second derivative of 0 + 2/3*v**3 - 1/12*v**4 + 2*v**2 + v. Give m(q).
4
Let w(t) = 2 - 4 + 3. Let h(k) = -k - 2. Let q(z) = -3*h(z) - 5*w(z). Determine q(-2).
-5
Let n(w) = 1 + w - 3 + 3*w + w. Suppose 3*q + 12 = -2*o + 4*o, -4*q - o = 5. Give n(q).
-12
Let t(i) = 3*i - 6. Suppose 4*d - o - 23 = 0, -3*d = 2*o - o - 19. Let l be ((-40)/12)/((-4)/d). Determine t(l).
9
Let l(g) be the second derivative of -g**3/2 - g**2 - g. Calculate l(2).
-8
Let n be -4 - 8*(-3 - -2). Let x(a) = a**3 - 4*a**2 - 4. Giv